, 3, 7877
What are the prime factors of 2568224?
2, 17, 4721
What are the prime factors of 75924?
2, 3, 19, 37
List the prime factors of 4503427.
4503427
What are the prime factors of 386802?
2, 3, 13, 19, 29
What are the prime factors of 1647922?
2, 823961
What are the prime factors of 3559270?
2, 5, 11, 13, 19, 131
List the prime factors of 21458.
2, 10729
List the prime factors of 2285195.
5, 11, 41549
List the prime factors of 6635240.
2, 5, 31, 5351
What are the prime factors of 4563158?
2, 2281579
What are the prime factors of 1253987?
7, 359, 499
What are the prime factors of 3951166?
2, 229, 8627
List the prime factors of 48253.
73, 661
List the prime factors of 112377.
3, 47, 797
List the prime factors of 53282.
2, 26641
What are the prime factors of 28823454?
2, 3, 11, 149, 977
List the prime factors of 1169017.
1169017
List the prime factors of 203867.
239, 853
List the prime factors of 207401.
207401
List the prime factors of 2709423.
3, 23, 4363
What are the prime factors of 29513555?
5, 19, 83, 197
List the prime factors of 8492836.
2, 11, 251, 769
What are the prime factors of 48094?
2, 139, 173
List the prime factors of 1812083.
7, 13, 19913
List the prime factors of 2003866.
2, 1001933
List the prime factors of 12343726.
2, 103, 59921
List the prime factors of 6368494.
2, 11, 289477
What are the prime factors of 13234232?
2, 11, 101, 1489
What are the prime factors of 305240?
2, 5, 13, 587
What are the prime factors of 275316?
2, 3, 22943
What are the prime factors of 68723?
19, 3617
List the prime factors of 2285720.
2, 5, 57143
What are the prime factors of 677726?
2, 7, 48409
List the prime factors of 1409599.
139, 10141
What are the prime factors of 1939700?
2, 5, 7, 17, 163
What are the prime factors of 6960496?
2, 43, 67, 151
What are the prime factors of 8270085?
3, 5, 551339
What are the prime factors of 1783849?
1117, 1597
List the prime factors of 8226472.
2, 1028309
What are the prime factors of 16725?
3, 5, 223
What are the prime factors of 3600164?
2, 479, 1879
What are the prime factors of 399135?
3, 5, 11, 41, 59
List the prime factors of 2476366.
2, 251, 4933
List the prime factors of 4196388.
2, 3, 7, 49957
What are the prime factors of 417438?
2, 3, 7, 3313
List the prime factors of 869034.
2, 3, 144839
What are the prime factors of 1140612?
2, 3, 11, 8641
List the prime factors of 331796.
2, 109, 761
What are the prime factors of 45466?
2, 127, 179
What are the prime factors of 512178?
2, 3, 85363
What are the prime factors of 762784?
2, 11, 197
What are the prime factors of 523158?
2, 3, 17, 23, 223
What are the prime factors of 21016196?
2, 53, 99133
List the prime factors of 265171.
283, 937
List the prime factors of 1503480.
2, 3, 5, 11, 17, 67
List the prime factors of 4428709.
4428709
What are the prime factors of 12539973?
3, 41, 269, 379
List the prime factors of 847319.
11, 77029
List the prime factors of 126210.
2, 3, 5, 7, 601
What are the prime factors of 1431442?
2, 701, 1021
What are the prime factors of 239795?
5, 199, 241
What are the prime factors of 1709868?
2, 3, 89, 1601
List the prime factors of 5433242.
2, 53, 51257
List the prime factors of 1164196.
2, 11, 26459
List the prime factors of 7590098.
2, 89, 42641
List the prime factors of 151744.
2, 2371
What are the prime factors of 49330?
2, 5, 4933
What are the prime factors of 16395834?
2, 3, 7, 13, 30029
List the prime factors of 20258751.
3, 1151, 5867
What are the prime factors of 1178975?
5, 7, 6737
What are the prime factors of 3311998?
2, 1655999
List the prime factors of 11003570.
2, 5, 1100357
What are the prime factors of 7805660?
2, 5, 443, 881
List the prime factors of 21318137.
53, 241, 1669
List the prime factors of 1943878.
2, 971939
What are the prime factors of 261813?
3, 197, 443
List the prime factors of 227359.
11, 1879
What are the prime factors of 22183815?
3, 5, 1478921
List the prime factors of 826432.
2, 37, 349
List the prime factors of 733252.
2, 13, 59, 239
List the prime factors of 18334735.
5, 3666947
What are the prime factors of 15930585?
3, 5, 11, 32183
List the prime factors of 13101559.
23, 71, 113
List the prime factors of 192378.
2, 3, 32063
What are the prime factors of 10098166?
2, 13, 388391
List the prime factors of 3264437.
11, 296767
List the prime factors of 6030925.
5, 317, 761
List the prime factors of 2685655.
5, 7, 76733
What are the prime factors of 9049951?
59, 157, 977
What are the prime factors of 2853173?
19, 23, 6529
What are the prime factors of 2129930?
2, 5, 11, 17, 67
What are the prime factors of 3793169?
59, 239, 269
List the prime factors of 9617585.
5, 709, 2713
List the prime factors of 3560964.
2, 3, 11, 53, 509
List the prime factors of 814583.
7, 11, 71, 149
What are the prime factors of 37527?
3, 7, 1787
What are the prime factors of 414181?
19, 21799
List the prime factors of 473604.
2, 3, 61, 647
What are the prime factors of 12314133?
3, 13, 35083
What are the prime factors of 19205?
5, 23, 167
List the prime factors of 269004.
2, 3, 29, 773
List the prime factors of 5269678.
2, 2634839
List the prime factors of 2484995.
5, 496999
List the prime factors of 2738362.
2, 11, 124471
List the prime factors of 9874.
2, 4937
List the prime factors of 800954.
2, 7, 11, 743
What are the prime factors of 4310248?
2, 17, 41, 773
What are the prime factors of 4257160?
2, 5, 71, 1499
List the prime factors of 152777.
152777
List the prime factors of 180468.
2, 3, 557
List the prime factors of 1639786.
2, 17, 2837
List the prime factors of 874753.
11, 281, 283
List the prime factors of 115053.
3, 38351
List the prime factors of 5937150.
2, 3, 5, 39581
List the prime factors of 28779535.
5, 5755907
What are the prime factors of 237456?
2, 3, 17, 97
List the prime factors of 1555546.
2, 709, 1097
List the prime factors of 135628.
2, 41, 827
List the prime factors of 417298.
2, 7, 41, 727
What are the prime factors of 14123857?
11, 79, 16253
List the prime factors of 10109636.
2, 2527409
What are the prime factors of 8183017?
29, 97, 2909
What are the prime factors of 9005179?
9005179
What are the prime factors of 1076422?
2, 29, 67, 277
List the prime factors of 3350861.
43, 149, 523
What are the prime factors of 151691?
17, 8923
What are the prime factors of 83506?
2, 43, 971
List the prime factors of 272728.
2, 73, 467
What are the prime factors of 35804?
2, 8951
List the prime factors of 3137593.
3137593
What are the prime factors of 978127?
73, 13399
List the prime factors of 384395.
5, 11, 29, 241
List the prime factors of 254489.
254489
List the prime factors of 169459.
97, 1747
What are the prime factors of 8185744?
2, 7, 53, 197
What are the prime factors of 330541?
43, 7687
What are the prime factors of 2572556?
2, 7, 79, 1163
List the prime factors of 220351.
220351
What are the prime factors of 18647851?
1741, 10711
List the prime factors of 2192105.
5, 263, 1667
What are the prime factors of 577610?
2, 5, 11, 59, 89
List the prime factors of 233994.
2, 3, 59, 661
List the prime factors of 229890.
2, 3, 5, 79, 97
List the prime factors of 22423085.
5, 17, 251, 1051
List the prime factors of 567852.
2, 3, 79, 599
List the prime factors of 677984.
2, 21187
List the prime factors of 220717.
7, 31531
What are the prime factors of 6821551?
11, 19, 127, 257
What are the prime factors of 835693?
29, 28817
List the prime factors of 16601561.
23, 53, 13619
List the prime factors of 734662.
2, 107, 3433
What are the prime factors of 111145?
5, 22229
What are the prime factors of 552225?
3, 5, 37, 199
What are the prime factors of 977894?
2, 488947
What are the prime factors of 21376111?
223, 95857
List the prime factors of 27403086.
2, 3, 29, 157489
List the prime factors of 838167.
3, 11, 2309
List the prime factors of 413910.
2, 3, 5, 7, 73
List the prime factors of 4930863.
3, 7, 234803
What are the prime factors of 215589?
3, 11, 47, 139
What are the prime factors of 522191?
522191
List the prime factors of 1672504.
2, 209063
What are the prime factors of 4663687?
7, 23, 83, 349
List the prime factors of 1156604.
2, 289151
What are the prime factors of 2350936?
2, 7, 41981
List the prime factors of 1098162.
2, 3, 13, 19
What are the prime factors of 22169707?
7, 452443
List